9 + q. Let m be 8/2*(-1)/(-2). Calculate the greatest common divisor of m and k.
1
Suppose 5*c = 2*l + 2, 0 = -0*l + 2*l + c + 14. Suppose -2*b + 10 + 46 = 0. Let w = b - l. What is the greatest common factor of w and 85?
17
Suppose 28*d - 27*d = 0. Let z(x) = x**3 + 6*x**2 - 2*x + 316. Let q be z(d). What is the highest common factor of 79 and q?
79
Let z = -123 + 127. Let o(y) = -7*y + 36. Let d be o(z). Calculate the greatest common divisor of 88 and d.
8
Suppose -3*f - 54 = 4*l, -f - 2 = -2*f. Let h be 110/(-25) - -4 - 411/l. What is the highest common divisor of 216 and h?
27
Let f(b) = 2*b**3 - 34*b**2 + 37*b - 33. Let a be f(18). What is the greatest common divisor of a and 231?
21
Suppose 0 = -3*i + 4*a + 156, -4*i = 2*a - 576 + 346. What is the highest common factor of 8 and i?
8
Let i = 8977 + -6331. What is the highest common divisor of 432 and i?
54
Suppose -4*n = -5*y + 1033, y + 6 = -y. Let r = n + 298. Suppose 0 = -7*t + 4*t + 756. Calculate the highest common factor of t and r.
36
Suppose -2*o + 1120 - 52 = 0. Let i = 538 - o. Let m = 5 - 3. What is the greatest common divisor of m and i?
2
Let q = -6340 + 6397. What is the highest common factor of 513 and q?
57
Let k be -1 - -48 - ((-8)/14 - 1925/(-539)). Calculate the greatest common divisor of 539 and k.
11
Let o(t) = 2*t**2 + 2*t - 3. Let k = 66 + -78. Let f be (-54)/k*(-16)/(-36). Let h be o(f). Calculate the greatest common factor of 9 and h.
9
Suppose 2*o + 4*m - 2654 = 0, -10*o + 14*m + 13408 = 11*m. Calculate the greatest common divisor of o and 104.
13
Let x(w) = 21947*w**2 - 3. Let s be x(-1). What is the greatest common divisor of s and 104?
104
Let h = 4062 + -2826. Suppose -i - 2*l = -408, -h = -3*i + 5*l - 7*l. What is the greatest common factor of 46 and i?
46
Suppose 251*g = 252*g - 2. Suppose -68 = -g*m - 50. Suppose r - 45 = -0*r. Calculate the greatest common divisor of m and r.
9
Let q(v) = -2*v**2 + v - 7. Let o be q(5). Let x be (-8)/(-28) - (-3 - (-593)/(-7)). Let w = o + x. Calculate the highest common factor of 12 and w.
12
Suppose 0 = -359*p + 363*p - 28. What is the highest common divisor of 973 and p?
7
Let r = -83 - -48. Suppose 4*g + 0 + 112 = 0. Let d be (g/r)/(4/90). What is the greatest common factor of d and 144?
18
Suppose -k + 375 = 3*u, -k = 5*u - 110 - 515. What is the highest common factor of u and 4500?
125
Let o = -33837 + 33885. Suppose -116 = -t + 124. What is the greatest common factor of t and o?
48
Let u be -303*10/(-15) + -1. Let y = 1507 + -1373. What is the greatest common divisor of u and y?
67
Let f(b) = 80*b - 277. Let s be f(-8). Let u = s + 945. What is the greatest common factor of 28 and u?
28
Let y = -240 - -350. Let q = -251 - -253. Suppose -q*r - 2*w = -98, 63 = 2*r - 0*w - 5*w. What is the greatest common divisor of r and y?
22
Let p be (-34)/8*32/(-4). Calculate the highest common divisor of p and 3553.
17
Let s = 18721 + -10945. What is the greatest common factor of s and 32?
32
Let l = 17477 - 10213. Calculate the highest common factor of l and 32.
32
Let o = 79 - 79. Suppose o = -6*d + 8*d - 58. What is the greatest common factor of d and 29?
29
Let j = -5 - 0. Let z be 5/(-25) - (66/j - 1). Suppose -f + 5*y = -6*f + 655, f = y + 121. What is the greatest common divisor of z and f?
14
Let p be (-10289)/(-2) + 1/(6 - (-10 + 14)). What is the highest common divisor of p and 15?
15
Suppose -3*t - 5*i + 37 = 0, -2*i + 4 = -t + 31. What is the highest common divisor of 646 and t?
19
Suppose 0 = 12*a + 3*a - 7245. Let d = a + -471. What is the highest common divisor of 42 and d?
6
Suppose 39545*t + 3450 = 39560*t. What is the greatest common factor of t and 2116?
46
Let g = -13772 - -13788. What is the highest common factor of g and 15120?
16
Suppose 2*x = -s + 21, 0*x + 3*s - 3 = -x. Suppose i + 21 + 9 = 7*a, 2*a - 2*i - x = 0. What is the greatest common divisor of 156 and a?
4
Let y = -61 - -61. Suppose y = 7*u + 6*u - 3640. Let m = -119 - -159. Calculate the greatest common divisor of m and u.
40
Let y = -32 + 34. Suppose -g - o = y*g - 46, o = -g + 14. Suppose g = 4*m - 4. Calculate the greatest common divisor of m and 15.
5
Let i = 408 - 408. Suppose 5*u + 4*k - 321 = i, 62 = u + k + 2*k. What is the highest common factor of u and 715?
65
Let h = 4873 - 4828. Calculate the greatest common factor of h and 567.
9
Suppose 0 = -a - 4*d - 108, -68 = -5*a + 5*d - 658. Suppose -103*f = -14*f + 1513. Let i = f - a. What is the highest common divisor of 9 and i?
9
Let i = -7 + 0. Let r = i - -19. Let d(w) = -w + 16. Let o be d(8). Calculate the greatest common divisor of r and o.
4
Let f be (35/25)/((-19)/95) - (-98 + 2). What is the greatest common divisor of f and 39427?
89
Let x(i) = 2*i**2 - 11*i - 382. Let s be x(18). Calculate the highest common factor of s and 697.
17
Let u(f) = 264*f - 4264. Let g be u(51). Calculate the greatest common divisor of g and 100.
100
Suppose 9 = 2*o + n, -484*n + 486*n + 46 = 4*o. Calculate the highest common factor of o and 365.
1
Let y(w) = -246*w**3 - 5*w**2 + 8*w + 22. Let t be y(-2). Let k = t - 1114. What is the highest common factor of k and 70?
70
Suppose 395 = 10*s - 31*s + 668. What is the greatest common divisor of 3328 and s?
13
Let v = 1234 - 1222. Let d be (-1 - -6 - 1)*(-8 + v). Suppose -4*p - 5*z = -5*p + 107, 2*p - 220 = 4*z. Calculate the greatest common divisor of d and p.
16
Let n = -720 - -686. Let l be 4/n - 5124/(-204). What is the greatest common divisor of 50 and l?
25
Let u = -830 - -795. Let b(x) = x**2 + 32*x - 78. Let l be b(u). Calculate the greatest common divisor of 1107 and l.
27
Let p = 1 - -15. Let h(b) = 25*b + 10. Let c be h(-4). Let x = -86 - c. Calculate the highest common divisor of x and p.
4
Suppose 2*l - 16 = -0*l. Suppose -5*z - 13 = -l. Let c be (((-12)/(-14))/1)/(z/(-21)). Calculate the highest common divisor of c and 45.
9
Let p(l) = 11*l + 155 + 5*l - 327 - l + 63. Let s be p(8). Calculate the greatest common divisor of s and 9.
1
Let n = 891 + -310. Let r = -376 + n. What is the highest common divisor of 123 and r?
41
Let x = 277 + -221. Let n be 0 + 4 + -3 + 83. Calculate the greatest common divisor of n and x.
28
Suppose y + 2*l = 6754, -2*y = -l - 5685 - 7798. Calculate the highest common divisor of 24 and y.
24
Suppose 3*c - 2*c - 4 = 0. Suppose -3 = -c*o + 3*o. Suppose -p = l + o*l - 316, 404 = 5*l - p. Calculate the greatest common divisor of 32 and l.
16
Suppose 14 = 2*u, u + 3869 = 2180*x - 2179*x. Calculate the greatest common divisor of 95 and x.
19
Let r(o) = -o**3 + 6*o**2 + o - 22. Let h be r(8). Let p = h - -168. What is the greatest common factor of 208 and p?
26
Suppose 256 + 403 = 5*l - h, 0 = 3*l + 2*h - 385. Suppose -l = -17*c + 906. What is the greatest common divisor of 244 and c?
61
Let j be (-284)/(-20) + (-55)/25. What is the greatest common factor of j and 92?
4
Suppose 16*h - 4*b + 108988 = 21*h, -4*h = -b - 87161. Calculate the highest common divisor of 48 and h.
48
Let o = 177 - 61. Let l(f) = 28*f**2 + 2*f - 1. Let a be l(1). Calculate the highest common factor of o and a.
29
Let l(q) = -q**3 - 11*q**2 + 9*q - 29. Let k be l(-14). Let g = -223 + k. What is the highest common factor of 252 and g?
42
Suppose 22 = -7*u + 64. Let w = 1363 - 901. Suppose 12*p = p + w. What is the greatest common divisor of p and u?
6
Let q be -5 + (22 - (-609 + -6)). What is the highest common factor of 16 and q?
8
Let v be ((-189)/54)/(3/(-186)). What is the greatest common divisor of v and 186?
31
Suppose -2*m + 38 = -36. Suppose 159*l = -144*l + 226*l + 2849. Calculate the greatest common divisor of m and l.
37
Let g(l) = l**2 - 2*l - 2. Suppose -5*y + 4 = 24. Let p be g(y). Let u(n) = -7891*n - 78833. Let v be u(-10). Calculate the highest common divisor of v and p.
11
Let v = -17401 + 18038. Calculate the highest common divisor of 2821 and v.
91
Let b(d) = 1177*d - 274. Let p be b(1). What is the greatest common divisor of 559 and p?
43
Let r be 6 - ((14 - (-69)/(-5)) + (-202)/10). What is the highest common factor of r and 793?
13
Suppose -34 = -10*n + 3326. Suppose -5*y - 86 = -n. What is the highest common divisor of 30 and y?
10
Suppose 9846 + 8428 = 5*h + t, 3*t + 3674 = h. What is the highest common factor of h and 